e -k + 6 = 2*k. Let n(i) = 28 - i + 2*i**k + 0*i**2 - 23 - i**2. Determine n(0).
5
Let a(o) = -o + 2. Let f(q) be the first derivative of q**4/4 + 2*q**3/3 + q**2/2 + q - 3. Let d be f(-3). Let z = d + 8. Calculate a(z).
5
Let j(m) = 4 - 1 + 0 - 3*m. Let i(v) = v**2 + 4*v - 1. Suppose 0 = -3*w + w - 10. Let n be i(w). Determine j(n).
-9
Suppose -3*t - 2*s + s = 6, -5*s + 2 = -t. Let v = t + 2. Let n(c) = v*c**3 + 4*c**3 - 3*c**3. Calculate n(1).
1
Let b(n) = -62*n - 12. Let x(v) = -25*v - 5. Let w(q) = -5*b(q) + 12*x(q). Calculate w(1).
10
Let u = -7 + 12. Let z(o) = -3*o + 6. Give z(u).
-9
Let z(d) = d**3 + 5*d**2 - 4*d + 4. Let m be (2/(-4))/(1/12). What is z(m)?
-8
Let w be (-2)/(-7) - 60/(-35). Let d(p) = 8*p - 6*p**2 + 3*p**2 - 5 + p**2 + p**w. Determine d(7).
2
Let w(x) be the second derivative of -x**6/360 + x**5/40 + x**4/12 + x. Let n(d) be the third derivative of w(d). Determine n(2).
-1
Let b(j) be the second derivative of j**5/20 - 5*j**4/12 - 4*j**3/3 + 7*j**2/2 - 3*j. Determine b(6).
-5
Let h(r) = r**2 - r + 2. Let p(o) = 1 + 3*o + 2*o**2 + o - 6*o. Let x(n) = 3*h(n) - 2*p(n). Let j(f) = f**3 + 6*f**2 - 8*f - 10. Let q be j(-7). Give x(q).
-8
Let s(u) be the second derivative of -u**5/4 - u**4/6 + u**2/2 + 10*u. Give s(1).
-6
Let c(s) = -s + 5. Suppose 3*z + 1 = 10. Let x(v) = 2*v - 4. Let q(w) = z*c(w) + 2*x(w). Calculate q(-3).
4
Let m(s) = -4*s**2 - 4*s + 266*s**3 - 5 - 267*s**3 - 1. Give m(-4).
10
Let h(f) be the second derivative of 7*f**4/12 - f**3/6 + 3*f. Let a(n) = -n**3 - n + 1. Let i be a(1). What is h(i)?
8
Let u(k) be the third derivative of -k**4/24 - k**3 - k**2. Let a be 25/(-4) - 4/(-16). What is u(a)?
0
Let a(r) = -2*r - 7. Suppose 0 = -4*j + j + 4*u - 3, -4*j - 2*u = 26. Determine a(j).
3
Let p(l) = 3*l - 1 - 5*l + l**3 + 5*l + 4. Suppose 0 = -2*j + 3*w + 23, -3*j - w = -5*w - 32. Suppose 0*d + j*b = -4*d - 28, -3*d + 3*b = -9. What is p(d)?
-11
Let w(l) = l**2 - l - 4. Let f(n) = n**2 - 2. Let u be f(3). Suppose 0 = -2*k - u + 1. What is w(k)?
8
Let j(s) be the second derivative of s**5/20 - s**4/3 + s**3/2 + s. Suppose -4*x + 15 = -1. Suppose x*u - u = 9. Determine j(u).
0
Let l be (-20)/70 - 9/(-7). Let d be -3 - -5 - (1 - l). Let n(b) = b**3 - b**2 - 1. Calculate n(d).
3
Let w(k) = -2*k - 1. Let r = 22 + -23. Calculate w(r).
1
Let z = 5 - 7. Let d be 0 + -1 - (1 + z). Let o(n) = n**3 + 4. Calculate o(d).
4
Let k(l) = 2*l - 2 - l + l - l. What is k(3)?
1
Let s(f) = -f**2. Let o be s(1). Let p(h) = -h. Let i(g) = g - 1. Let n(c) = o*i(c) - 5*p(c). Suppose -7 = -2*b - l, 2*b + 0*l - 12 = -2*l. What is n(b)?
5
Let g(f) be the third derivative of -f**4/24 + 2*f**3/3 + 4*f**2. Determine g(5).
-1
Let k(n) be the first derivative of n**5/30 + n**4/12 + n**3/6 + n**2 - 1. Let s(z) be the second derivative of k(z). Determine s(-2).
5
Let u be (-8)/28 - 57/21. Let c(z) = 2*z + 1. Determine c(u).
-5
Let p(f) = -f**2 + 11*f - 11. Let l be -10*-1*(-3)/6. Let m(k) = -k**2 + 6*k - 6. Let q(n) = l*m(n) + 3*p(n). Let x be 2/1 + 0/(-1). What is q(x)?
11
Let f(o) = -8*o - 1. Suppose 0 = -p + 3 - 15. Let q = -11 - p. What is f(q)?
-9
Let q(n) be the first derivative of n**6/120 + 7*n**5/60 + 7*n**4/24 + n**3/6 - 2*n**2 - 4. Let x(c) be the second derivative of q(c). Give x(-6).
-5
Let n(f) = f**3 + f**2 - 2*f + 4. Let l(u) = -u**2 - 7*u - 9. Let q be l(-6). Calculate n(q).
-8
Let z be (3/(-2))/((-33)/88). Let g(r) = r**2 - 7*r + 6. Calculate g(z).
-6
Let r(k) = -1. Let f(o) = 5*o - 7. Let p(b) = -f(b) + 6*r(b). What is p(1)?
-4
Let f = -9 + 21. Let c(z) = -z + 7. Let o be c(f). Let q(g) = -g**3 - 4*g**2 + 4*g - 6. Calculate q(o).
-1
Let u = -2 + 5. Let s(y) = 11 + u*y - y + y**2 - 12. What is s(2)?
7
Let n(g) = -g + 1. Let a be n(-2). Suppose j + 8 = -b, a*b + 9 = j + 1. Let u(v) = -v - 2. Calculate u(b).
2
Suppose 3*k - j - 18 = 3*j, -5*k + 4 = 2*j. Let b(x) be the first derivative of x**2/2 + x + 22. Calculate b(k).
3
Suppose -35 = 16*v - 23*v. Let i(o) = -o + 5. Calculate i(v).
0
Let n(i) = i + 3. Let j(m) = 8*m + 68. Let k be j(-9). What is n(k)?
-1
Let s(o) be the first derivative of -3*o**2 + o + 4. Calculate s(2).
-11
Let g = -6 - -10. Suppose 3*r + r + g = 0. Let b(x) = -2*x**2 - 1. Determine b(r).
-3
Let d(j) = 5*j**3 + 3*j**2 - 5*j + 14. Let y(m) = -3*m**3 - 2*m**2 + 3*m - 9. Let p(x) = 5*d(x) + 8*y(x). Give p(2).
0
Let n(x) = -x**2 - x + 1. Let j(f) = f**3 + 4*f**2 + 5*f + 4. Let s be j(-4). Let i = 18 + s. Determine n(i).
-5
Let d(o) = -6*o - 54*o**3 + 108*o**3 - 53*o**3 + 0 - 1 - 4*o**2. Give d(5).
-6
Let b be 99/66*(-4)/(-3). Let o(x) be the second derivative of 0 + b*x - 1/12*x**4 - 1/2*x**2 + 5/6*x**3. Give o(4).
3
Suppose 5*n - 9 = -4. Let r be 0/(2 + (1 - n)). Suppose r = -s - s - 10. Let q(x) = x**2 + 4*x + 1. Determine q(s).
6
Let s(x) = -4*x + 7. Let z be 0*(0 + (-2)/6). Suppose -l + z*n = -4*n - 25, -n = l. Give s(l).
-13
Suppose 0*f - 3*p = f - 18, f + 6 = 3*p. Let n(u) = -u**2 + 4*u + 3*u**2 - 3*u**2 - 56 + 62. What is n(f)?
-6
Let r(k) = k + k + 2 + k - 4. What is r(2)?
4
Let t be (-112)/(-21) - 4/(-6). Let x(p) = p - 3 + t*p + 4*p**2 - 2*p**2 - 3*p**2. Give x(5).
7
Let g(n) = 4*n**2 - 3 - n**2 - 4*n**2. Let i be g(0). Let s(y) = -5*y - 4. Give s(i).
11
Let a(p) = p - 15. Let g be a(10). Let s(r) = r**3 + 4*r**2 - 6*r - 6. Calculate s(g).
-1
Suppose -5 = 5*l - 20. Let t(m) = -m**3 + m**2 + 3*m + 1. Determine t(l).
-8
Let s be 50/8 - (-1)/(-4). Let v(c) = -c + 1. Let f(g) = g**2 + 12*g - 12. Let d(o) = s*v(o) + f(o). Give d(-5).
-11
Let i(k) = k + 4. Let w = 31 + -21. Let n = 7 - w. Let q(s) = 2*s + 9. Let m(x) = n*q(x) + 7*i(x). Determine m(-5).
-4
Suppose 0 = 4*b - 9*b. Suppose -3*g + 3 = -b*g. Let c(x) = 3 - 4 + x + 0*x. Determine c(g).
0
Let p(r) = 3*r**2 - 7*r - 6. Let a(t) = -8*t**2 + 20*t + 17. Let g(j) = 4*a(j) + 11*p(j). Let d = -29 - -25. Give g(d).
6
Let k(d) = -d**3 - 3*d**2 - 2*d - 3. Let a(r) = -r**2. Let y(z) = 2*a(z) + k(z). Suppose -4*u - l - 16 = 0, u + 2 = l - 2. Give y(u).
-11
Let x(b) = -4*b**3 + 9*b**2 - 9*b + 2. Let u(d) = 6*d**3 - 14*d**2 + 14*d - 3. Let l(j) = 5*u(j) + 8*x(j). Give l(1).
-1
Let t(p) = 5*p**2 - 8*p + 5. Let z(x) = x**2 + x + 1. Let o(d) = -t(d) + 3*z(d). Let j(v) = -v. Let a = -3 + 2. Let s(h) = a*o(h) - 6*j(h). What is s(3)?
5
Let w(l) = l**2 + 7. Let j = 6 - 10. Let q be j/(-10) + 10/(-25). Calculate w(q).
7
Let a(u) = -6*u**2 + 6*u + 4. Let v(n) = -5*n**2 + 6*n + 3. Let d(g) = 4*a(g) - 5*v(g). What is d(6)?
1
Let h(x) = x**3 + x**2 + 2*x + 1. Let j be (1 - 2)*(-2 + 4). Let q be j/3 + (-1)/3. What is h(q)?
-1
Let z(x) = x**3 + x**2 - x. Let y(d) = 5*d**3 + 5*d**2 - 5*d. Let c(g) = y(g) - 4*z(g). What is c(-1)?
1
Let z(d) = -d**2 + 7. Let i = 16 + -10. Let p be i/(-2) + (1 - -2). Calculate z(p).
7
Let z = 164 - 167. Let s(v) = 2*v - 4. Give s(z).
-10
Suppose -4*y - 14 = 26. Let j = 11 + y. Let a(s) = -11*s**2 - 1. Give a(j).
-12
Let c(g) = 2*g + 17. Let t(o) = o + 6. Let w(q) = -q**2 - 14*q + 4. Let x be w(-13). Let i(s) = x*t(s) - 6*c(s). Calculate i(-1).
-5
Let a(x) be the first derivative of -x**3/3 - 3*x**2 - 3*x - 1. Suppose -s = -2 - 5. Let i be (-2)/(-7) - 37/s. Calculate a(i).
2
Let n(o) = 2*o + 7 + 2*o - 3*o. Let m be (4/6)/(6/90). Suppose -5*a + q - 13 = 12, -2*a + 4*q = m. Calculate n(a).
2
Let u(d) = d**2 - 6*d + 7. Let a(w) = 3*w**2 - 17*w + 20. Let z(o) = -2*a(o) + 7*u(o). Suppose 20 + 16 = 2*i. Suppose 8*k - 5*k = i. What is z(k)?
-3
Suppose -2 + 5 = -3*m. Let v(g) = 41*g**2 + 8*g + 4. Let j be -6*(-4)/(-8) - -1. Let i(h) = 10*h**2 + 2*h + 1. Let p(n) = j*v(n) + 9*i(n). What is p(m)?
7
Let w(p) = p. Let o(t) = -6*t - 3. Let y(j) = -o(j) - 5*w(j). Let q(m) = -4*m - 15. Let c(u) = -u - 1. Let i(h) = -5*c(h) + q(h). Let r be i(8). What is y(r)?
1
Let w(o) = o - 2. Let a be w(4). Let m(h) = a*h - h + h - 2 - 2. Suppose 2*t - 4 = 4. Give m(t).
4
Suppose 4*c + 28 = 6*c. Suppose c = -t + 12. Let l(v) = -v**3 - 2*v**2 - v + 2. Determine l(t).
4
Let v(p) = p. Let b(y) = -y + 8. Let t be b(5). Suppose 6*w - 32 = -3*n + w, 5*n - t*w = 8. Determine v(n).
4
Let y be 6/(-15) - 28/(-20). Let o(i) = -2*i - 4. Let d(g) = -g - 5. Let f(p) = 3*d(p) - 4*o(p). Determine f(y).
6
Suppose -3*j - 6 = 3. Let l = j + 8. Let h(y) = -5*y**2 - 24*y + 16. Let k(n) = -n**2 -